st common factor of 51 and 119.
17
What is the greatest common factor of 310 and 510?
10
Calculate the greatest common factor of 98 and 14.
14
Calculate the greatest common divisor of 605 and 5.
5
What is the highest common factor of 126 and 98?
14
Calculate the highest common factor of 57 and 380.
19
Calculate the highest common divisor of 1218 and 24.
6
What is the highest common factor of 44 and 28?
4
Calculate the highest common factor of 70 and 42.
14
What is the greatest common divisor of 48 and 42?
6
What is the greatest common factor of 18 and 954?
18
What is the greatest common factor of 304 and 1102?
38
What is the greatest common factor of 25695 and 45?
45
Calculate the greatest common factor of 2497 and 77.
11
Calculate the highest common factor of 629 and 17.
17
Calculate the greatest common divisor of 1260 and 1820.
140
What is the highest common factor of 5664 and 118?
118
What is the highest common divisor of 69 and 23?
23
Calculate the greatest common factor of 7 and 364.
7
Calculate the greatest common divisor of 2807 and 28.
7
What is the greatest common factor of 13825 and 105?
35
Calculate the highest common divisor of 1357 and 295.
59
What is the highest common divisor of 9 and 123?
3
Calculate the greatest common divisor of 9 and 24237.
9
Calculate the greatest common factor of 70 and 42.
14
Calculate the greatest common factor of 6 and 69.
3
What is the highest common factor of 85 and 3825?
85
What is the greatest common divisor of 336 and 140?
28
What is the greatest common divisor of 12 and 132?
12
What is the greatest common divisor of 801 and 2848?
89
Calculate the highest common factor of 5 and 1.
1
What is the highest common divisor of 15 and 185?
5
Calculate the greatest common divisor of 775 and 5.
5
Calculate the highest common divisor of 21 and 672.
21
What is the highest common factor of 680 and 8?
8
Calculate the highest common factor of 2183 and 59.
59
Calculate the greatest common divisor of 826 and 59.
59
What is the highest common divisor of 255 and 120?
15
What is the greatest common factor of 34 and 102?
34
What is the highest common divisor of 228 and 12?
12
What is the greatest common factor of 14 and 1071?
7
Calculate the highest common factor of 175 and 140.
35
Calculate the greatest common divisor of 1207 and 71.
71
What is the highest common factor of 378 and 168?
42
What is the greatest common divisor of 583 and 53?
53
Calculate the greatest common factor of 24 and 6792.
24
What is the greatest common divisor of 13 and 91?
13
Calculate the highest common divisor of 90 and 20.
10
Calculate the highest common factor of 768 and 24.
24
What is the greatest common divisor of 319 and 22?
11
Calculate the highest common factor of 174 and 18.
6
Calculate the greatest common factor of 232 and 224.
8
Calculate the highest common divisor of 222 and 354.
6
What is the greatest common divisor of 48 and 8944?
16
Calculate the highest common divisor of 6 and 114.
6
What is the greatest common divisor of 1539 and 1197?
171
Calculate the greatest common divisor of 2109 and 1767.
57
What is the greatest common divisor of 33 and 21?
3
What is the greatest common factor of 46 and 1541?
23
Calculate the greatest common divisor of 11325 and 30.
15
Calculate the highest common factor of 130 and 10.
10
What is the highest common divisor of 123 and 2747?
41
Calculate the greatest common divisor of 377 and 26.
13
What is the greatest common divisor of 8 and 5?
1
What is the greatest common divisor of 49 and 455?
7
Calculate the highest common factor of 117 and 396.
9
Calculate the greatest common factor of 35 and 2800.
35
Calculate the greatest common divisor of 119 and 1717.
17
What is the highest common factor of 630 and 1215?
45
What is the highest common divisor of 132 and 2448?
12
What is the highest common factor of 33 and 33?
33
What is the highest common divisor of 39988 and 52?
52
What is the highest common factor of 1350 and 4650?
150
What is the highest common divisor of 481 and 407?
37
Calculate the greatest common divisor of 245 and 343.
49
What is the highest common divisor of 605 and 55?
55
What is the highest common divisor of 36788 and 68?
68
Calculate the highest common divisor of 11 and 1089.
11
What is the highest common divisor of 6 and 10?
2
What is the greatest common factor of 56 and 1512?
56
Calculate the highest common divisor of 155 and 1891.
31
Calculate the greatest common divisor of 275 and 100.
25
What is the highest common factor of 297 and 27?
27
What is the greatest common divisor of 7 and 133?
7
What is the greatest common divisor of 96 and 138?
6
What is the greatest common factor of 2620 and 20?
20
Calculate the greatest common factor of 408 and 510.
102
What is the highest common factor of 4779 and 236?
59
What is the highest common divisor of 104 and 3328?
104
Calculate the greatest common factor of 650 and 52.
26
What is the highest common factor of 112 and 64?
16
Calculate the highest common divisor of 98 and 70.
14
Calculate the highest common divisor of 104 and 1816.
8
Calculate the greatest common divisor of 195 and 285.
15
What is the greatest common factor of 40 and 1240?
40
Calculate the greatest common factor of 462 and 105.
21
Calculate the greatest common factor of 13410 and 45.
45
What is the highest common factor of 86 and 301?
43
Calculate the highest common divisor of 1 and 307.
1
What is the highest common divisor of 459 and 9945?
153
Calculate the greatest common divisor of 32 and 52.
4
What is the greatest common divisor of 37721 and 67?
67
Calculate the highest common divisor of 255 and 1377.
51
Calculate the greatest common factor of 20 and 20.
20
Calculate the highest common factor of 1068 and 24.
12
Calculate the highest common factor of 77 and 33.
11
Calculate the highest common factor of 134 and 201.
67
What is the highest common divisor of 84 and 350?
14
What is the greatest common factor of 209 and 893?
19
Calculate the highest common divisor of 36 and 2058.
6
What is the highest common divisor of 53469 and 13?
13
What is the highest common divisor of 10 and 4210?
10
What is the greatest common factor of 135 and 36?
9
Calculate the highest common factor of 22 and 319.
11
What is the greatest common divisor of 30 and 66?
6
What is the greatest common divisor of 36 and 4?
4
What is the highest common divisor of 594 and 66?
66
Calculate the greatest common divisor of 148 and 37.
37
Calculate the highest common factor of 72 and 171.
9
Calculate the highest common divisor of 545 and 15.
5
What is the greatest common divisor of 4 and 1684?
4
Calculate the highest common divisor of 150 and 200.
50
What is the greatest common divisor of 280 and 40?
40
Calculate the greatest common divisor of 10114 and 26.
26
Calculate the greatest common divisor of 170 and 10.
10
Calculate the highest common divisor of 10 and 970.
10
What is the highest common factor of 85 and 4505?
85
Calculate the greatest common factor of 88 and 33.
11
What is the highest common divisor of 6 and 942?
6
Calculate the highest common factor of 33 and 605.
11
Calculate the greatest common divisor of 253 and 92.
23
What is the greatest common divisor of 3276 and 924?
84
Calculate the greatest common divisor of 36 and 4086.
18
What is the highest common factor of 2839 and 34?
17
Calculate the highest common factor of 182 and 4550.
182
What is the greatest common factor of 112 and 168?
56
What is the highest common divisor of 114 and 1698?
6
What is the greatest common factor of 703 and 19?
19
What is the highest common factor of 21 and 7?
7
Calculate the greatest common divisor of 208 and 1456.
208
Calculate the greatest common divisor of 330 and 462.
66
Calculate the highest common divisor of 5198 and 46.
46
Calculate the highest common divisor of 7395 and 261.
87
What is the greatest common factor of 24828 and 4?
4
What is the greatest common divisor of 7808 and 61?
61
What is the highest common factor of 846 and 2256?
282
Calculate the highest common factor of 1016 and 1397.
127
Calculate the greatest common divisor of 20 and 230.
10
Calculate the highest common divisor of 1700 and 475.
25
Calculate the greatest common factor of 6 and 534.
6
What is the highest common factor of 102 and 102?
10